rime factors of z(4)?
2, 3
Suppose 36 = 3*v - 6*v. Let r = 30 - v. What are the prime factors of r?
2, 3, 7
What are the prime factors of (-440)/(-35) - (-8)/(-14)?
2, 3
Suppose -2*k + 15 = 3*s - 0*s, -3*s = 3*k - 15. What are the prime factors of s?
5
Let u(n) = -n**3 - 4*n**2 + n - 2. Suppose t + 5*s + 5 = 0, -4*s + 25 = -5*t - 0*s. List the prime factors of u(t).
2, 3
Suppose -29 = -4*a + 11. Let x be 776/a - 2/(-5). What are the prime factors of (x/(-15))/((-4)/10)?
13
Let x = 2 + 8. Suppose -3*v - x = 2*v. What are the prime factors of (-3 + (-1 - v))*-6?
2, 3
List the prime factors of (-41)/(-2) + 3/(-6).
2, 5
Suppose 5*p - 8 = 17. Let g = p + -2. Suppose g*z - 29 + 11 = 0. What are the prime factors of z?
2, 3
Let j(x) = x**3 + 3. Let g(s) = -s**3 + 2*s. Let n be g(0). What are the prime factors of j(n)?
3
Suppose 0*m = 4*m - 64. List the prime factors of m.
2
Suppose -3*n = i - 64, -4*i = -9 - 7. Suppose 4*r - n = -r. Suppose -a - a + r = 0. List the prime factors of a.
2
Suppose 3*q - i = 30, 3*i = 4*i. Let t = q - 6. List the prime factors of t.
2
Suppose -5*u + j + 70 = 0, 3*j - 5*j = -u + 23. Let w(h) = 20*h - 1. Let x be w(1). Let o = x - u. What are the prime factors of o?
2, 3
Let r(p) be the first derivative of p**2 - 7*p - 1. What are the prime factors of r(10)?
13
Let w(x) = -x**2. Let g(z) = z - 2. Let m be g(4). Let v(a) = -3*a**2 - 3*a + 2. Let o(b) = m*w(b) - v(b). List the prime factors of o(-5).
2
Suppose -198 = -4*i - 14. Let p = i + -28. What are the prime factors of p?
2, 3
Suppose 3*b + 3 = 18. Let d = -3 + b. Suppose 2*x - 2 = -3*k, 0*x = -d*x + 2*k + 12. List the prime factors of x.
2
Suppose 3*q = 3*i + 30, 1 = 2*i + q + 6. Let l(c) be the first derivative of -c**2 - c - 2. List the prime factors of l(i).
3
Let r(b) = 3*b**2 - 6*b - 3. Let j(u) = 10*u**2 - 17*u - 9. Let t(c) = 2*j(c) - 7*r(c). What are the prime factors of t(4)?
19
Let w be 45 + -1 + 0 + 2. Let l be -1 - w/4*2. What are the prime factors of ((-2)/4)/(2/l)?
2, 3
Let i be -21*((-4)/3 - -1). Suppose -16 = -4*u + 4*x, 3*x + 2*x = -5*u + 10. Suppose 0 = -u*q - 3, -4*s + 5*q - i = -20. What are the prime factors of s?
2
Let f = 2 + -1. What are the prime factors of 2 - (-3 + -1 + f)?
5
Suppose -59 = -7*a + 221. What are the prime factors of a?
2, 5
Suppose -8*u + 2*u = 18. Let w(r) = -2*r + 7. What are the prime factors of w(u)?
13
Suppose 2 + 8 = c - 2*p, 0 = 3*c + p - 2. Suppose 0 = -4*m + 5*g + 47, -5*m - c*g + 0*g + 34 = 0. List the prime factors of (-1)/((1/(-1))/m).
2
Suppose 0 = 5*m + 4*r - 131, 4*m + 3*r = 78 + 27. What are the prime factors of m?
3
Let j = 100 + 207. List the prime factors of j.
307
Suppose -p + 0*p + 5 = 0. Let r(g) = -g**2 + 7*g - 3. Let b be r(p). Suppose t + f - b = 0, t + f + f - 4 = 0. What are the prime factors of t?
2, 5
Suppose -4*d + 2*m = 6, -14 = d + m - 4*m. Suppose 0 = -2*w + 6*w + 4. What are the prime factors of d + 3 + (0 - w)?
5
Let y be 8/6*6/(-4). Let u = 3 - y. Let s(r) = r**3 - 4*r**2 - 3*r. List the prime factors of s(u).
2, 5
Let n = -9 + -1. What are the prime factors of (n/(-25))/(1/35)?
2, 7
Let x = 30 + -13. Let z(r) = r + 8. Let m be z(-6). What are the prime factors of 0 + (-1 + x)/m?
2
Suppose 0 = 14*j - 13*j - 275. List the prime factors of j.
5, 11
Let p(n) = n**2 - 8*n - 6. What are the prime factors of p(-7)?
3, 11
Let i = 0 + 7. Suppose 33 = -i*l + 10*l. What are the prime factors of l?
11
Suppose 62 = 4*c + 6. List the prime factors of c.
2, 7
Suppose -2*a - 37 = -5*g + 17, -g = -a - 12. What are the prime factors of g?
2, 5
Let x(r) = 3*r**2 - 8*r - 29. What are the prime factors of x(-9)?
2, 11, 13
Suppose -4*s + 91 = -25. List the prime factors of s.
29
Let c = 50 - 34. What are the prime factors of c?
2
Suppose q = 3*d + 239, 9*q - 5*d - 984 = 5*q. List the prime factors of q.
251
Let i = 1 + 4. List the prime factors of i.
5
Suppose 2*w + w = 0. Suppose 0 = -2*y - 6 - w. What are the prime factors of ((-16)/y)/((-4)/(-12))?
2
What are the prime factors of (-4 + -45)*-2 + 4?
2, 3, 17
Suppose -6*l - 50 + 326 = 0. What are the prime factors of l?
2, 23
Let f(u) = u**3 + 10*u**2 + u + 2. List the prime factors of f(-9).
2, 37
Let z = 70 - 24. Suppose -g = 2*m - z, 3*m + 5 = 3*g + 56. List the prime factors of m.
3, 7
Suppose 2*l = -3*i + 4, -l + 4*i = -3*l + 6. Let k be (0/6)/(1*l). Suppose -4*u + 19 - 3 = k. What are the prime factors of u?
2
Suppose -2*o = -6*o + 80. List the prime factors of o.
2, 5
Let r(v) = -v**3 - 7*v**2 - 6*v - 2. Let q be r(-6). Let p be (q/(-3))/(2/9). Suppose -p*z - 6 + 39 = 0. List the prime factors of z.
11
Let g = 49 - -80. What are the prime factors of g?
3, 43
Let h(a) = -4*a**3 - 2*a**2 + a + 1. What are the prime factors of h(-2)?
23
Let y = -85 + 160. Suppose 3*n + 9 - y = 0. What are the prime factors of n?
2, 11
Let p(h) = h + 15. Let s be p(-7). Let j = -5 + s. List the prime factors of j.
3
List the prime factors of (6/(-10))/((-16)/1520).
3, 19
Let g(w) = -w + 4. Let h(j) = -5*j**2 + 6*j - 1. Let n(c) = -c**2 + c. Let b(o) = h(o) - 4*n(o). Let u be b(1). List the prime factors of g(u).
2
Let a(i) = i**3 - 6*i**2 + 5*i + 5. Let l be a(5). Let p = l + 0. Suppose p*h - u - 2*u = 40, -4*h + 3*u = -29. What are the prime factors of h?
11
Let g = -209 + 326. List the prime factors of g.
3, 13
Suppose 3*o = -5*t, 0 = 2*t + t + o. Let i = -8 + 15. Suppose -2*f + i*f - 10 = t. List the prime factors of f.
2
What are the prime factors of (35 - 7)/(2/4)?
2, 7
Let t(p) = p**2 - 16*p + 5. Let q be t(16). Suppose q*o - 2*o - 6 = 0. List the prime factors of o.
2
What are the prime factors of (-2 - -44)/((-2)/(-2))?
2, 3, 7
Suppose 10*c - 124 = 6*c. What are the prime factors of c?
31
What are the prime factors of 1/(-7) + 15/7?
2
Suppose 2*f - 18 = -2*q, 0 = -5*f - 11 + 1. Let l = q + 18. List the prime factors of l.
29
Let d(f) = -31*f**3 + 2*f**2 - 1. Let t be d(-1). Let z = t + -17. List the prime factors of z.
3, 5
Suppose -22 = 5*l + 5*t - 167, -2*l = -4*t - 34. Suppose -3*h + 2*h = -l. Let m = -15 + h. List the prime factors of m.
2, 5
Let y be 12/2*(-1)/(-1). Suppose 0 = -d + y*d - 20. What are the prime factors of d?
2
Let t be (-10)/(-4)*24/20. Let r = t + 7. What are the prime factors of r?
2, 5
Let h be -2*((-4)/2 + 3). List the prime factors of (2 - h) + -2 - -7.
3
Suppose 67 + 68 = -5*n. Let p = n + 52. List the prime factors of p.
5
Let f = 46 - 8. What are the prime factors of f?
2, 19
Suppose -2*n + 5*c + 404 = n, -n + 148 = c. List the prime factors of n.
11, 13
Suppose 4*h - 2*a - 41 + 13 = 0, 0 = 5*h - 5*a - 35. Let x(f) = -1 - 1 + 3 - h*f - f**2. List the prime factors of x(-5).
11
Let x(b) = 6*b. Let w = -3 - -4. What are the prime factors of x(w)?
2, 3
Let k = 23 - 41. Let v be (-4)/6 - 138/k. Let j = v - 1. List the prime factors of j.
2, 3
Let j = 78 + -45. Suppose -y + 55 = 5*k, 3*k - 2*y + 4*y - j = 0. List the prime factors of k.
11
Suppose 4*t - 145 = 207. Suppose -4*s = -2*y + 4*y - t, 0 = -5*s + 3*y + 121. What are the prime factors of s?
23
Let l(s) = 2*s**2 + 3*s + 11. What are the prime factors of l(-10)?
181
Let s(w) = -15*w**3 - w**2 + 5*w - 1. Let t(u) = 29*u**3 + 2*u**2 - 9*u + 2. Let y = -1 - -6. Let n(f) = y*s(f) + 3*t(f). What are the prime factors of n(1)?
2, 3
Let f(u) = u**3 + 4*u**2 - 11*u - 6. What are the prime factors of f(-5)?
2, 3
Suppose 3*t - 35 = 2*m, 7*t - 4*t = m + 31. Let o = 1 - -2. Suppose o*j + 5*l = 35, 0 = j - 6*j + 4*l + t. What are the prime factors of j?
5
Let p(g) = 3*g - 8. What are the prime factors of p(8)?
2
Suppose 0 = -3*k - 12, 3*y = -k - 3*k + 2. Suppose -z = 6 + 6. What are the prime factors of (y/z)/(2/(-20))?
5
Let i(o) = o + 22. Let b = 11 + -23. List the prime factors of i(b).
2, 5
Let w(v) = 4*v**2 - v + 1. Let s be w(1). Suppose -y - 6*t + 2*t = -16, 64 = 5*y + s*t. List the prime factors of y.
2, 3
Suppose 5*g - 36 = -381. Let d = 49 + g. Let a = 28 + d. What are the prime factors of a?
2
Suppose -4*w - 21 + 73 = 0. List the prime factors of w.
13
Let u = 51 + -8. Let h = -23 + u. List the prime factors of h.
2, 5
Suppose -7 = -6*h + 5*h. What are the prime factors of h?
7
Let f(j) = 10*j**3 + 28*j**2 + 17*j - 5. Let m(y) = 3*y**3 + 9*y**2 + 6*y - 2. Let a(g) = 2*f(g) - 7*m(g). L